
2, 17
Suppose 2*i - 95 = -21. List the prime factors of i.
37
Let r(n) = -2*n**3 - 2*n**2. Suppose -4 = -4*c - 0*c. Let z = -1 - c. What are the prime factors of r(z)?
2
Let o = -178 + 730. List the prime factors of (3/(-2))/((-36)/o).
23
Suppose 0 = 2*y - 4*y - 24. List the prime factors of 249/13 - y/(-78).
19
Suppose -3*a - 6 = -2*a. Let k(z) = z**3 + 6*z**2 - 2*z - 4. List the prime factors of k(a).
2
Let j be (1 - 3)*(-2)/4. Let d be 7/3 + j/(-3). Suppose -d*f + 0*f + 30 = 0. List the prime factors of f.
3, 5
Let p(n) = 10*n**3 - 2*n**2 - 4*n - 3. What are the prime factors of p(3)?
3, 79
Let q be (-2)/7 + 258/21. Let n be q + (2/2 - 2). Let c = -1 + n. List the prime factors of c.
2, 5
Let o = 0 - 0. Suppose -3*d - m = -61, 4*m + 16 = d - o*d. Suppose -5*q + d = -45. List the prime factors of q.
13
Let h(q) = q. Let r be h(-8). Let m = 13 + r. Suppose -m*n + 5*a + 75 = 0, -3*n + 38 + 1 = -a. What are the prime factors of n?
2, 3
List the prime factors of (16 - 11)/(2/6).
3, 5
Let i be 1*(-3 - (3 + -115)). Suppose -i = -2*f - 17. What are the prime factors of f?
2, 23
Let l be 6/4 + 2/(-4). Let r be l/(-3) + 28/12. Suppose -3*w = -10 - r. What are the prime factors of w?
2
Let d = 10 - 2. Let u = 4 + d. List the prime factors of u.
2, 3
Let m(x) = x**2 + 3. Let k be m(-6). Let y = 8 + -6. Suppose -u + k = y*u. What are the prime factors of u?
13
Let q(j) = -j + 1. Let v be q(-1). Let h be (-4)/(-10) + 90/25. Suppose -h = -g + v. What are the prime factors of g?
2, 3
Suppose 4*b = -6*c + 2*c + 60, -4*b + 3*c = -53. List the prime factors of 12/5 + b/(-35).
2
Suppose 4 = 3*q + 7. Let r = q - 2. List the prime factors of -7 - r - -2 - -15.
13
Let w(h) = 22*h + 2. List the prime factors of w(1).
2, 3
Let d = 120 - 70. Suppose -2*s + d - 11 = -n, 51 = 3*s - 3*n. List the prime factors of s.
2, 11
List the prime factors of 484/6 - 2/(-6).
3
Let h(t) = -t**3 - 4*t**2 + 4*t. Let b be h(-4). Suppose -2 = j - 0*j, -4*j + 15 = c. Let v = b + c. What are the prime factors of v?
7
Let o(p) = -p**3 - p**2 + 23. What are the prime factors of o(0)?
23
Let j(i) = -16*i - 25. What are the prime factors of j(-6)?
71
Suppose 5*z - x - 108 = 4*z, 0 = -3*z - 5*x + 316. What are the prime factors of z?
107
Let r be 8*-1*(0 + 3). List the prime factors of ((-104)/r)/((-1)/(-3)).
13
What are the prime factors of -118*(6/(-14))/(4/14)?
3, 59
Let c be (0/(-4))/(1 - -1). Suppose c*p - 5*p = -215. List the prime factors of p.
43
Suppose -5*i + 3*z = -146, 5*i - 2*z + 7 - 151 = 0. List the prime factors of i.
2, 7
Let d = 1 + 7. Suppose -4*v = -d*v + 52. What are the prime factors of v?
13
Suppose -31 = 3*x - 4*x + 4*g, 4*g = -20. List the prime factors of x.
11
Suppose 2*x + 3*d - 8*d - 20 = 0, -2*d = 4. Suppose -x*k + 54 = 2*q - 35, 5*q - 180 = -4*k. List the prime factors of q.
2
Suppose 0 = 4*m + 5 - 1. What are the prime factors of 2 + 15/(4 + m)?
7
Suppose -72 = -3*f + 12. List the prime factors of f.
2, 7
Let w(v) = -v**2 + 19*v + 14. What are the prime factors of w(16)?
2, 31
Suppose 4*j - 5*j + 1 = 0. List the prime factors of (j + -4)/((-3)/6).
2, 3
Suppose -l + 6*l = -30. Let a = 24 + l. What are the prime factors of a?
2, 3
Let c be (-596)/(-6) - (-14)/(-42). Suppose -5*r - c = -8*r. What are the prime factors of r?
3, 11
Suppose 534 + 218 = 8*k. What are the prime factors of k?
2, 47
Let g(q) = -3*q**3 - 14*q**2 + 5*q + 3. Let o(r) = 5*r**3 + 27*r**2 - 10*r - 7. Let m(a) = 7*g(a) + 4*o(a). What are the prime factors of m(9)?
29
Suppose 0 = 3*a - 83 + 23. What are the prime factors of a?
2, 5
Suppose 3*p + 15 = 0, 0 = -3*u - 4*p + 2*p - 4. What are the prime factors of u?
2
Let b = -2 - -2. Let n(f) = 1 - f + 1 + b. List the prime factors of n(-5).
7
Suppose 5*d + 4*y + 6 = -0, 0 = 4*d + 4*y + 8. Suppose 0*v = -v + 4*c + 6, 0 = v - d*c - 6. List the prime factors of ((-26)/v)/((-2)/6).
13
List the prime factors of 124/16 - (-2)/8.
2
Suppose -2*y = -13 - 29. Suppose -15 = -2*k + y. What are the prime factors of k?
2, 3
Let u(t) = 4*t**2 + 5*t - 6. What are the prime factors of u(3)?
3, 5
Let x = -208 - -362. List the prime factors of x.
2, 7, 11
Let b(m) = -m**2 + 0*m**2 - 12 + 1 + m + 8*m. Let a be b(8). List the prime factors of (2 - (0 - a))*-17.
17
Suppose -3*z + 48 = -7*z. What are the prime factors of -2*z/1 - 1?
23
Let m(j) = -j. Let l(o) = o**2 - 7*o - 1. Let c(y) = l(y) - 6*m(y). Let a be c(3). Suppose 52 = a*w - 2*p, 51 = 4*w + 2*p - 5. What are the prime factors of w?
2, 3
Let q be -25*(-1 + 2)*-1. Let o = q + -14. List the prime factors of o.
11
Let s(f) = 5 - 1 - 5 - 2*f. Let m = -7 - -1. List the prime factors of s(m).
11
Let u(s) = -s**2 - 8*s + 9. Let n be u(-9). Suppose m = -2*i - 8, -i - 5*m = -n*i + 13. Let k = i + 7. What are the prime factors of k?
2
Suppose 4*l - 4 = 4. Suppose l*o - 23 = -5. What are the prime factors of o?
3
Suppose -3*w + w + 5*p = -18, 2*p = -4*w + 60. List the prime factors of w.
2, 7
Let x(l) = -3*l + 29. Let z(g) = -g + 10. Let k(o) = -6*x(o) + 17*z(o). What are the prime factors of k(8)?
2
Let f be (-2)/(-1 + 12/10). List the prime factors of (-35)/f - (-3)/(-2).
2
Let u be -79*(2 + -3) - -2. What are the prime factors of u/18*(2 + 0)?
3
Suppose -3*l - l + 136 = 0. What are the prime factors of l?
2, 17
Let v(p) = -p**2 + 8*p - 8. Suppose 4*z - 34 = -2*q, z - 3*q - 5 = -z. Let s be 88/14 - 2/z. List the prime factors of v(s).
2
Suppose -3*w = 20 - 95. List the prime factors of (w/(-15))/((-1)/3).
5
Let k be 99/(-2) + (-12)/(-8). Let w = k - -69. What are the prime factors of w?
3, 7
Suppose 0 = a - 6 + 3. Suppose 3*k = -5*g + 38, -2*k + a*k = 5*g - 54. What are the prime factors of g?
2, 5
Suppose -g + 99 = -2*p, 5*p = 2*g + 10*p - 225. What are the prime factors of g?
3, 5, 7
Let u(s) = -s**2 + 10*s - 8. Let j be u(8). Suppose 0 = -4*m + j*m - 36. List the prime factors of m.
3
What are the prime factors of (-2)/4*(-360 + 6 + 0)?
3, 59
Let x(y) = 5*y**2 - 56*y - 36. Let g(j) = 2*j**2 - 19*j - 12. Let u(c) = -8*g(c) + 3*x(c). List the prime factors of u(-14).
2
Suppose -4*i = -5*a + 7 + 2, -25 = -5*a. Suppose -i*h - 5*b + 2*b = -82, 0 = 2*b - 4. List the prime factors of h.
19
Let k(u) = -u**3 - 27*u**2 - 26*u + 37. List the prime factors of k(-26).
37
Let l be (-10)/15*(1 + -7). Suppose 0 = l*j - 185 + 49. What are the prime factors of j?
2, 17
Suppose 0*y = -y + 3*g + 262, -5*y + 4*g + 1266 = 0. What are the prime factors of y?
2, 5
Suppose -3*f - 5*p + 43 = 0, 14 = 4*f - 2*p - 0*p. What are the prime factors of f?
2, 3
Suppose -2 = -5*o + 28. Let i(c) be the second derivative of c**5/20 - c**4/2 + c**3/3 - 3*c**2/2 - 2*c. List the prime factors of i(o).
3
Suppose -3*m = -10 - 2. Let u(l) = -m*l - 5 + 3*l + 3*l. List the prime factors of u(8).
11
Let x = 6 - -3. Suppose -x = 5*g + 26. Let i(c) = c**3 + 6*c**2 - 7*c + 8. List the prime factors of i(g).
2
Suppose 5*d = 3*d + 62. Suppose 7*a = 4*a + 6. Suppose 5 = a*k - d. What are the prime factors of k?
2, 3
Suppose -32 = -4*h + 3*h. Let z = h - 20. What are the prime factors of z?
2, 3
Let k(z) = z**2 - z + 1. Let p be k(0). List the prime factors of p + 7 + 3/1.
11
Suppose i - 8 = -4*v, -v + 2*i - 7*i = 17. List the prime factors of v/7 + (-772)/(-28).
2, 7
Let y = 0 - -6. Let w = y - 1. Let s(l) = l + 7. List the prime factors of s(w).
2, 3
Suppose 2*m + 81 = 5*m. Suppose 4*v + 5*p - m = 0, 0*v + 5*p = -2*v + 21. List the prime factors of v.
3
Suppose q = 2*u + 22, 2*u = 3*q + 7*u - 22. Suppose -2*h + q = -38. Suppose 0 = -5*r - n - h + 76, 0 = 5*r - 3*n - 70. List the prime factors of r.
11
Suppose 0 = 7*j - 8*j + 73. List the prime factors of j.
73
Let f be 9 - (-1 + (0 - -2)). Suppose y + f = -0*y. Let t = y - -12. What are the prime factors of t?
2
Let z = 170 - 39. List the prime factors of z.
131
Suppose -3*b - 4*y = -64, -5*b - 4*y = -8 - 88. Suppose -3*z + 28 = b. List the prime factors of z.
2
Let r(c) = -69*c**2 - c. Let k be r(1). Suppose 3*w = -x + 32, -2*w - 5*x = -0*x - 43. What are the prime factors of 3/w - k/6?
2, 3
Let r(q) = 30*q**3 - q**2 + 1. Let w = 2 - 1. Let i be r(w). What are the prime factors of i/2 - (-1 + 0)?
2
Let q = 4 + -1. Let z(m) = -m**2 - 3*m - 2. Let w be z(-1). Let r = w + q. List the prime factors of r.
3
Suppose